
2, 1907
Let p = 69 + -68. Let n be (-3165*p)/(-5)*1. Suppose -6*d + n = -639. What are the prime factors of d?
2, 53
Suppose -3*g + m + 136895 = 0, 5*m = -6*g + 168400 + 105418. What are the prime factors of g?
3, 7, 41, 53
Suppose -792 = 46*v - 55*v. Suppose 0 = 4*x - 224 - v. List the prime factors of x.
2, 3, 13
Suppose 16510 = 5*f + 2*p - 14001, p + 12199 = 2*f. List the prime factors of f.
6101
Let n = 7708 + -4235. What are the prime factors of n?
23, 151
Suppose -362*l = -366*l + 12. Suppose -r + l*f + 104 = 0, -2*f = -3*r + 2*f + 322. List the prime factors of r.
2, 5, 11
Suppose -31 = -6*l + 11. Suppose -l*j - 849 = -2844. List the prime factors of j.
3, 5, 19
What are the prime factors of 5517*(-40)/(-210)*(-3)/((-12)/14)?
2, 3, 613
Suppose -3*t - 4 = 4*n - 3*n, -2*n = 2*t. Suppose -3*o - 3*l + 1116 = 0, 0*l + 3*l = -n*o + 742. List the prime factors of o.
2, 11, 17
Suppose -4*b + 11*a - 60 = 7*a, 0 = -b - 5*a - 9. Let f = 192 + -365. Let y = b - f. List the prime factors of y.
3, 53
Let n be (111/2)/((-5)/(-20)). Suppose -y = 2*f - n, 3*f = -y + 17 + 203. What are the prime factors of y?
2, 113
Let t be 108/(-26) - (-50)/325. Let z be (-984)/(-21) - t/28. Suppose -u + 121 = z. What are the prime factors of u?
2, 37
Let j(z) = 8*z**2 - 8*z + 9. Let u be j(4). Suppose 100*r = u*r - 4415. List the prime factors of r.
883
Suppose 7*q + 198 - 583 = 0. Suppose -q = -c - 0*c. What are the prime factors of c?
5, 11
Let h be ((-14)/8)/((-15)/480). Suppose -h - 1210 = -2*l. What are the prime factors of l?
3, 211
Let o = -371 + 373. Let j(t) = -4*t + 1. Let z be j(1). What are the prime factors of 50 + o + (-3 - z)?
2, 13
Suppose 80*l - 52*l = 832608. Suppose l = 30*h + 12*h. List the prime factors of h.
2, 3, 59
Suppose 2*f - 2856 = -5*a, -3*f + a = 5*a - 4284. What are the prime factors of f?
2, 3, 7, 17
Let b = -8122 - -18517. What are the prime factors of b?
3, 5, 7, 11
Suppose 3*o = -3*c - 58 + 355, -4*o = -c + 84. Let s = c + -101. What are the prime factors of s*(54/(-10) - 0)?
3
Let t = -27097 - -40256. What are the prime factors of t?
13159
Suppose 2*w - 7*k + 12*k = 4140, 0 = -4*k + 8. List the prime factors of w.
5, 7, 59
Suppose p = 2*p - v - 38, 0 = p + 3*v - 50. Let y = 464 - p. List the prime factors of y.
3, 47
Suppose 180 = -2*w - 0*w. Let c = 92 + w. List the prime factors of ((-3)/(3/(-472)))/c.
2, 59
Suppose -542 = -15*k + 43. Let a = k - -8. What are the prime factors of a?
47
Suppose 109*m - 147260 - 137666 = 0. List the prime factors of m.
2, 1307
List the prime factors of (-377858)/(-78) + 2/3.
3, 5, 17, 19
Let j(t) = -30*t**2 - 27*t - 27. Let s(d) = 62*d**2 + 56*d + 55. Let u(b) = -5*j(b) - 2*s(b). List the prime factors of u(-7).
2, 569
Suppose -39*a + 52740 = -30*a. List the prime factors of a.
2, 5, 293
Suppose -14*f + 63 = -133. Suppose -16*g = -f*g - 560. List the prime factors of g.
2, 5, 7
Let m = 515 - -67. Suppose t - 1553 = -m. List the prime factors of t.
971
Suppose 54414 + 1182264 = 76*l - 256570. List the prime factors of l.
2, 307
Suppose 0 = -2*g - 3*v + v + 35592, -89028 = -5*g + 3*v. List the prime factors of g.
2, 3, 23, 43
Let o(m) = -629*m + 3215. List the prime factors of o(-63).
2, 31, 691
Let i(y) = 126*y**3 - 26*y**2 + 258*y + 23. What are the prime factors of i(8)?
3, 5, 13, 37
Suppose 1032 = -n - 2*u + u, -2*u + 4152 = -4*n. Let i = 201 - n. What are the prime factors of i?
1237
Let c = 42475 - 26874. List the prime factors of c.
15601
Suppose 5*g + 3*j - 2331 = 0, 4*j - 477 - 926 = -3*g. List the prime factors of g.
3, 5, 31
Suppose 28*d = -12*d + 3240. Suppose 4362 = -d*r + 87*r. What are the prime factors of r?
727
Suppose 2780 = -4*c - d - 3*d, 3*c + 2075 = -5*d. Let x = c + 1497. List the prime factors of x.
797
List the prime factors of (210/(-49))/(2/((-87430)/5)) + 5.
5, 1499
Suppose 11*i = 4*f + 16*i - 2567, 0 = -5*i - 25. Suppose f = 478*v - 477*v. List the prime factors of v.
2, 3
Suppose 84*b - 18167390 = -261*b - 6452225. List the prime factors of b.
3, 7, 11
Let h be 0/((-11)/11 - (-1 + -2)). Suppose -3*u + 15 = -h. Suppose 4*w + 10 = -2*p + u*p, 0 = -p - w + 15. List the prime factors of p.
2, 5
Let u = 45 - 21. List the prime factors of 2/12 + (79508/u)/13.
3, 5, 17
Let m = 42101 + -23343. What are the prime factors of m?
2, 83, 113
Suppose -162 = -2*w + 3*i + i, -3*w = 3*i - 216. Suppose 0 = m + 72 - w. Suppose 0 = -m*j - 2*r + 208 + 83, -3*j + 3*r = -276. What are the prime factors of j?
5, 19
Let g be (2 + 841)*(10/3)/1. Suppose 4*c + 2248 = -2*i + 6*i, 5*i + 2*c = g. What are the prime factors of i?
2, 281
Let m be 10104/36 + 1/3. Suppose -5*n + 624 = -m. Suppose z - 8 = -3, n = 2*s + 5*z. List the prime factors of s.
2, 3, 13
Let z(m) = -m**3 + m**2 - 3*m + 3. Suppose 7*i + 18 - 18 = 0. Let l be -6 + 1 + i - 0. What are the prime factors of z(l)?
2, 3, 7
Suppose 115*i + 56*i = 37*i + 2486906. List the prime factors of i.
67, 277
Suppose -2*o - 5*f = -1, 2*o - 2*f = -100 + 66. Let b(q) = -q**3 + 4*q + 16. List the prime factors of b(o).
2, 53
Let i(h) = 137*h**2 + 78*h - 1670. List the prime factors of i(25).
3, 5, 23, 83
Let v be ((-49)/(-14))/(((-4)/(-14))/((-48)/(-84))). Let p = 28 - 3. Let u = v + p. List the prime factors of u.
2
Let m(r) = -16*r**2 + 4*r + 8. Let h be m(-3). Let n = 103 + h. Let w = 93 + n. List the prime factors of w.
2, 3
Suppose 62 = 6*r - 1084. Suppose -14*l = -15*l + r. What are the prime factors of l?
191
Let x = 382 - -99. Suppose -24 = -3*f - 3*u, 0*f - u - 28 = -5*f. Suppose f*s - x = 185. What are the prime factors of s?
3, 37
Suppose -129*n + 1491834 = 298455. List the prime factors of n.
11, 29
Let r(u) = -240 + 1540*u**2 + 8*u - 1547*u**2 - 3*u + u**3. What are the prime factors of r(12)?
2, 3, 5
Suppose 8*d - 7 - 33 = 0. Suppose d*b = 4*u + 2169, -3*b + 32*u = 37*u - 1331. List the prime factors of b.
19, 23
Let x(d) = 4*d + 20. Let s be x(-6). What are the prime factors of ((-494)/(-39))/(s/(-66))?
11, 19
Suppose -5*c + 348 = 4*o, 66 = c - 0*c - o. Suppose -d = -533 + c. List the prime factors of d.
3, 5, 31
Let w = 111904 - 50513. List the prime factors of w.
11, 5581
List the prime factors of ((-138104)/(-8))/(0/2 - (-9 + 8)).
61, 283
Let u(r) = -77*r**2 - 5*r + 28. Let f be u(-5). Let g = f - -2941. List the prime factors of g.
1069
Let r = -5847 - -54075. List the prime factors of r.
2, 3, 4019
Let x be -14 + 12 - 3502*1. What are the prime factors of ((-18)/(-12) + 0)*x/(-9)?
2, 73
Suppose 36*s + 3214 = 38*s. List the prime factors of s.
1607
Suppose -1810 = -y + 6*y. Let d be (-8)/(-36) + y/9. Let h = d - -111. What are the prime factors of h?
71
Let o(s) = s**3 - 64*s**2 + 182*s + 104. List the prime factors of o(70).
2, 59, 179
Let y(b) = -b**2 + 28*b - 109. Let o be y(17). Suppose -4*k = m - 67 + 4, -o = -5*k - m. What are the prime factors of k?
3, 5
Suppose -2 = m - 9. Suppose 2*x + 5*z + m = 6*x, 0 = -4*x - 4*z - 20. What are the prime factors of ((-10)/(-4) + x)*148?
2, 37
Let c = 1291 - -6444. What are the prime factors of c?
5, 7, 13, 17
Let p(t) = 2*t**2 + 6*t - 5. Suppose 8 = 4*b, 5*k - 2*b = -6*b - 32. Let v be p(k). Let i = v - -3. What are the prime factors of i?
2, 3, 13
Suppose -2*f - 4*n + 8350 = 0, -24*f + 4*n = -23*f - 4157. List the prime factors of f.
11, 379
Suppose -818*v + 769*v + 1443834 = 0. List the prime factors of v.
2, 3, 1637
Let m(a) = -29*a**3 - 2*a**2 - 16*a - 31. Let u be m(-7). Suppose 2*v + 5*s - 3969 = 0, 8*v - 3*v + 5*s = u. List the prime factors of v.
1987
Suppose -42736 + 177631 = 23*d. What are the prime factors of d?
3, 5, 17, 23
Suppose 4*s - 927 - 737 = 0. Suppose 10*j - 3456 = -s. Suppose -16 = 4*y, -5*y = -d + 3*d - j. List the prime factors of d.
2, 3
Let b(c) = 15257*c - 856. What are the prime factors of b(3)?
5, 13, 691
What are the prime factors of (-1)/((-1379546)/125412 - -11)?
2, 3, 1493
Suppose 2236708 + 2489180 = 248*l. List the prime factors of l.
2, 3, 397
Let i be (64/12)/(-4)*-3. Suppose -3*a - t + 5 = 0, -3*t + 9 = i*a - 6. Suppose -3*v + 108 = 3*d, 5*v + 0*d + d - 160 = a. What are the prime factors of v?
31
List the prime factors of 1/10 - ((-357147)/30 - 1).
2, 5953
Let s(f) = -5*f + 4. Let i be s(-1). Suppose -i*d - 9*d = -32112. What are the prime factors 